actors of 597210152?
2, 7, 11, 969497
What are the prime factors of 61531438?
2, 113, 272263
What are the prime factors of 170858715?
3, 5, 131, 86951
What are the prime factors of 21455115?
3, 5, 11, 11821
What are the prime factors of 258236877?
3, 5923, 14533
What are the prime factors of 1571718477?
3, 7, 41, 1825457
What are the prime factors of 104800612?
2, 7, 534697
List the prime factors of 1279073514.
2, 3, 149, 887, 1613
List the prime factors of 76789877.
641, 119797
List the prime factors of 932442516.
2, 3, 151, 6353
What are the prime factors of 772739798?
2, 386369899
List the prime factors of 156092080.
2, 5, 71, 27481
What are the prime factors of 538870573?
17, 31698269
List the prime factors of 4870689068.
2, 7, 59, 79, 37321
What are the prime factors of 1692489310?
2, 5, 163, 1038337
List the prime factors of 2544414373.
31, 197, 401, 1039
What are the prime factors of 2406559187?
83, 28994689
List the prime factors of 6280736262.
2, 3, 43, 353, 68963
What are the prime factors of 97328130?
2, 3, 5, 37, 87683
What are the prime factors of 632777096?
2, 7, 11299591
List the prime factors of 104993067.
3, 167, 209567
What are the prime factors of 29020679?
29020679
What are the prime factors of 2814041236?
2, 271, 2595979
List the prime factors of 33584495.
5, 7, 19, 50503
List the prime factors of 391265997.
3, 67, 103, 18899
List the prime factors of 1351165326.
2, 3, 7, 887, 36269
List the prime factors of 822451.
7, 293, 401
List the prime factors of 141734099.
13, 73, 149351
What are the prime factors of 3927371757?
3, 59, 443, 50087
List the prime factors of 478850569.
577, 739, 1123
What are the prime factors of 20337093?
3, 7, 167, 1933
What are the prime factors of 43695979?
197, 221807
List the prime factors of 5129973973.
89, 57640157
What are the prime factors of 717930645?
3, 5, 47862043
List the prime factors of 56894424.
2, 3, 31, 76471
List the prime factors of 5782897334.
2, 28603, 101089
List the prime factors of 1946877799.
211, 1451, 6359
List the prime factors of 2850372231.
3, 7, 135732011
What are the prime factors of 4242848431?
4242848431
List the prime factors of 624522534.
2, 3, 6833, 15233
List the prime factors of 64971341.
64971341
List the prime factors of 37524374.
2, 18762187
List the prime factors of 195038721.
3, 1109, 19541
List the prime factors of 5588755.
5, 19, 89, 661
List the prime factors of 123599655.
3, 5, 19, 48187
What are the prime factors of 3300678944?
2, 103146217
List the prime factors of 123107561.
123107561
List the prime factors of 82472305.
5, 61, 317, 853
What are the prime factors of 472473135?
3, 5, 41, 85361
List the prime factors of 38536483.
38536483
List the prime factors of 2127736022.
2, 1063868011
What are the prime factors of 98327795?
5, 3613, 5443
List the prime factors of 1265480898.
2, 3, 11, 113, 169681
List the prime factors of 40307229.
3, 269, 16649
List the prime factors of 1915467605.
5, 17, 163, 138251
List the prime factors of 44834408.
2, 5604301
What are the prime factors of 6664259?
7, 952037
What are the prime factors of 302183649?
3, 11191987
List the prime factors of 462324265.
5, 13, 17, 23, 18191
List the prime factors of 4679357154.
2, 3, 197, 3958847
What are the prime factors of 1907511857?
149, 2749, 4657
List the prime factors of 280509894.
2, 3, 7, 17, 130957
List the prime factors of 123849989.
37, 3347297
List the prime factors of 238538271.
3, 17, 181, 25841
List the prime factors of 15648189.
3, 839, 6217
List the prime factors of 3674021688.
2, 3, 51028079
What are the prime factors of 133380590?
2, 5, 7, 1905437
What are the prime factors of 110652245?
5, 11, 311, 6469
What are the prime factors of 31724537?
13, 107, 22807
What are the prime factors of 110922734?
2, 13, 331, 12889
List the prime factors of 181025677.
7, 139, 186049
List the prime factors of 16608461.
23, 347, 2081
List the prime factors of 17011706.
2, 59, 144167
What are the prime factors of 359268984?
2, 3, 4989847
What are the prime factors of 187023278?
2, 13, 7193203
What are the prime factors of 20810360?
2, 5, 223, 2333
What are the prime factors of 359167383?
3, 39907487
What are the prime factors of 33330534?
2, 3, 53, 281, 373
What are the prime factors of 53566238?
2, 11, 1361, 1789
List the prime factors of 253290055.
5, 17, 1109, 2687
List the prime factors of 59466394.
2, 13, 1229, 1861
What are the prime factors of 321566665?
5, 7, 1312517
List the prime factors of 242441363.
29, 223, 37489
List the prime factors of 45480630.
2, 3, 5, 13, 277, 421
List the prime factors of 1537349568.
2, 3, 577, 13877
What are the prime factors of 38136415?
5, 23, 53, 6257
What are the prime factors of 44153929?
19, 53, 163, 269
List the prime factors of 7433001.
3, 825889
List the prime factors of 449224764.
2, 3, 3169, 11813
What are the prime factors of 621681813?
3, 69075757
What are the prime factors of 114349039?
7, 359, 45503
What are the prime factors of 1288345704?
2, 3, 43, 967, 1291
What are the prime factors of 729107508?
2, 3, 127, 478417
List the prime factors of 53346104.
2, 7, 19441
List the prime factors of 372374617.
372374617
List the prime factors of 331317626.
2, 79, 2096947
What are the prime factors of 470131877?
19, 24743783
What are the prime factors of 4336900956?
2, 3, 1789, 67339
What are the prime factors of 243087379?
61, 3985039
List the prime factors of 993926851.
409, 2430139
List the prime factors of 4265588.
2, 523, 2039
List the prime factors of 1593515998.
2, 796757999
List the prime factors of 108782300.
2, 5, 11, 98893
List the prime factors of 8542557.
3, 316391
List the prime factors of 1120148701.
7, 160021243
List the prime factors of 1019985554.
2, 7, 23, 3167657
List the prime factors of 361984152.
2, 3, 15082673
What are the prime factors of 39469126?
2, 19734563
What are the prime factors of 102855473?
7, 197, 74587
List the prime factors of 2428740507.
3, 109, 127, 233, 251
What are the prime factors of 62365747?
29, 2150543
List the prime factors of 182195409.
3, 11, 17, 79, 4111
List the prime factors of 490333836.
2, 3, 19, 97, 22171
List the prime factors of 88039692.
2, 3, 13, 19, 9901
What are the prime factors of 2743621807?
113, 337, 72047
List the prime factors of 237344022.
2, 3, 1201, 10979
What are the prime factors of 1232366?
2, 719, 857
What are the prime factors of 266757263?
31, 139, 1997
List the prime factors of 297846651.
3, 99282217
What are the prime factors of 656238568?
2, 19, 613, 7043
What are the prime factors of 1295927098?
2, 41, 73, 216493
What are the prime factors of 437515532?
2, 109378883
List the prime factors of 149490332.
2, 2467, 15149
What are the prime factors of 1393224125?
5, 71, 179, 877
What are the prime factors of 376347516?
2, 3, 19, 1650647
List the prime factors of 52572899.
911, 57709
What are the prime factors of 80264481?
3, 11, 2432257
What are the prime factors of 2707617757?
13, 208278289
List the prime factors of 44094759.
3, 173, 84961
List the prime factors of 345705583.
31, 241, 46273
What are the prime factors of 331800671?
331800671
What are the prime factors of 2396890540?
2, 5, 11, 373, 29209
List the prime factors of 3884193745.
5, 17, 83, 109, 5051
List the prime factors of 116310693.
3, 463, 83737
List the prime factors of 1814770884.
2, 3, 151230907
List the prime factors of 676062492.
2, 3, 7, 8048363
List the prime factors of 58367374.
2, 13, 2244899
What are the prime factors of 824708154?
2, 3, 47, 2924497
What are the prime factors of 7301154?
2, 3, 7, 131, 1327
List the prime factors of 121379960.
2, 5, 13, 233423
What are the prime factors of 1936933491?
3, 645644497
What are the prime factors of 1507078613?
19, 4174733
What are the prime factors of 13375809?
3, 347, 4283
List the prime factors of 16631725.
5, 11, 197, 307
What are the prime factors of 1370018717?
1370018717
List the prime factors of 5665271.
487, 11633
What are the prime factors of 841700678?
2, 7, 13, 491, 9419
What are the prime factors of 2733956081?
53, 79, 157, 4159
What are the prime factors of 2900758704?
2, 3, 60432473
List the prime factors of 391317809.
37, 227, 46591
What are the prime factors of 54583644?
2, 3, 4548637
What are the prime factors of 320239732